{"id":12647,"date":"2025-11-08T15:29:16","date_gmt":"2025-11-08T18:29:16","guid":{"rendered":"https:\/\/camisetardas.cl\/?post_type=product&#038;p=12647"},"modified":"2026-01-09T00:46:48","modified_gmt":"2026-01-09T03:46:48","slug":"%e2%9a%a1%e2%9a%a1envio-rapido-camiseta-ac-milan-06-07-ricardo-kaka-local","status":"publish","type":"product","link":"https:\/\/camisetardas.cl\/?product=%e2%9a%a1%e2%9a%a1envio-rapido-camiseta-ac-milan-06-07-ricardo-kaka-local","title":{"rendered":"\u26a1\u26a1ENV\u00cdO R\u00c1PIDO &#8211; Camiseta AC Milan 06-07 Ricardo Kak\u00e1 Local Champions"},"content":{"rendered":"","protected":false},"excerpt":{"rendered":"<p><strong>PRODUCTO DISPONIBLE PARA ENV\u00cdO INMEDIATO !!<\/strong><\/p>\n<p>DESPACHO EN UN ( 1 ) D\u00cdA H\u00c1BIL,<\/p>\n<p>ENTREGA ( BLUE EXPRESS ) EN DOS ( 2 ) D\u00cdAS H\u00c1BILES<\/p>\n<p>VERSI\u00d3N DE ADULTOS INCLUYE S\u00d3LO LA CAMISETA<\/p>\n<p>TALLA DE NI\u00d1OS INCLUYE SHORT DE REGALO !!<\/p>\n","protected":false},"featured_media":12655,"template":"","meta":{"site-sidebar-layout":"default","site-content-layout":"","ast-site-content-layout":"default","site-content-style":"default","site-sidebar-style":"default","ast-global-header-display":"","ast-banner-title-visibility":"","ast-main-header-display":"","ast-hfb-above-header-display":"","ast-hfb-below-header-display":"","ast-hfb-mobile-header-display":"","site-post-title":"","ast-breadcrumbs-content":"","ast-featured-img":"","footer-sml-layout":"","theme-transparent-header-meta":"default","adv-header-id-meta":"","stick-header-meta":"","header-above-stick-meta":"","header-main-stick-meta":"","header-below-stick-meta":"","astra-migrate-meta-layouts":"set","ast-page-background-enabled":"default","ast-page-background-meta":{"desktop":{"background-color":"var(--ast-global-color-4)","background-image":"","background-repeat":"repeat","background-position":"center center","background-size":"auto","background-attachment":"scroll","background-type":"","background-media":"","overlay-type":"","overlay-color":"","overlay-gradient":""},"tablet":{"background-color":"","background-image":"","background-repeat":"repeat","background-position":"center center","background-size":"auto","background-attachment":"scroll","background-type":"","background-media":"","overlay-type":"","overlay-color":"","overlay-gradient":""},"mobile":{"background-color":"","background-image":"","background-repeat":"repeat","background-position":"center center","background-size":"auto","background-attachment":"scroll","background-type":"","background-media":"","overlay-type":"","overlay-color":"","overlay-gradient":""}},"ast-content-background-meta":{"desktop":{"background-color":"var(--ast-global-color-5)","background-image":"","background-repeat":"repeat","background-position":"center center","background-size":"auto","background-attachment":"scroll","background-type":"","background-media":"","overlay-type":"","overlay-color":"","overlay-gradient":""},"tablet":{"background-color":"var(--ast-global-color-5)","background-image":"","background-repeat":"repeat","background-position":"center center","background-size":"auto","background-attachment":"scroll","background-type":"","background-media":"","overlay-type":"","overlay-color":"","overlay-gradient":""},"mobile":{"background-color":"var(--ast-global-color-5)","background-image":"","background-repeat":"repeat","background-position":"center center","background-size":"auto","background-attachment":"scroll","background-type":"","background-media":"","overlay-type":"","overlay-color":"","overlay-gradient":""}}},"product_cat":[40,52,70,74,742,103,60,21,100],"product_tag":[],"class_list":{"0":"post-12647","1":"product","2":"type-product","3":"status-publish","4":"has-post-thumbnail","6":"product_cat-ac-milan","7":"product_cat-camiseta-retro","8":"product_cat-conjunto-ninos","9":"product_cat-envio-inmediato","10":"product_cat-envio-rapido-2024","11":"product_cat-gran-liquidacion","12":"product_cat-kaka","13":"product_cat-liga-italiana-serie-a-calcio","14":"product_cat-uefa-champions-league","15":"desktop-align-left","16":"tablet-align-left","17":"mobile-align-left","19":"first","20":"instock","21":"taxable","22":"shipping-taxable","23":"purchasable","24":"product-type-variable"},"jetpack_sharing_enabled":true,"_links":{"self":[{"href":"https:\/\/camisetardas.cl\/index.php?rest_route=\/wp\/v2\/product\/12647","targetHints":{"allow":["GET"]}}],"collection":[{"href":"https:\/\/camisetardas.cl\/index.php?rest_route=\/wp\/v2\/product"}],"about":[{"href":"https:\/\/camisetardas.cl\/index.php?rest_route=\/wp\/v2\/types\/product"}],"version-history":[{"count":2,"href":"https:\/\/camisetardas.cl\/index.php?rest_route=\/wp\/v2\/product\/12647\/revisions"}],"predecessor-version":[{"id":12658,"href":"https:\/\/camisetardas.cl\/index.php?rest_route=\/wp\/v2\/product\/12647\/revisions\/12658"}],"wp:featuredmedia":[{"embeddable":true,"href":"https:\/\/camisetardas.cl\/index.php?rest_route=\/wp\/v2\/media\/12655"}],"wp:attachment":[{"href":"https:\/\/camisetardas.cl\/index.php?rest_route=%2Fwp%2Fv2%2Fmedia&parent=12647"}],"wp:term":[{"taxonomy":"product_cat","embeddable":true,"href":"https:\/\/camisetardas.cl\/index.php?rest_route=%2Fwp%2Fv2%2Fproduct_cat&post=12647"},{"taxonomy":"product_tag","embeddable":true,"href":"https:\/\/camisetardas.cl\/index.php?rest_route=%2Fwp%2Fv2%2Fproduct_tag&post=12647"}],"curies":[{"name":"wp","href":"https:\/\/api.w.org\/{rel}","templated":true}]}}